 billions digit of 1005232802?
1
What is the ten thousands digit of 631571727?
7
What is the hundreds digit of 37536032?
0
What is the millions digit of 80353524?
0
What is the ten millions digit of 61890434?
6
What is the ten millions digit of 62503466?
6
What is the thousands digit of 245291759?
1
What is the hundreds digit of 692202294?
2
What is the ten thousands digit of 682236201?
3
What is the ten thousands digit of 334534876?
3
What is the hundred thousands digit of 2781678649?
6
What is the millions digit of 845804087?
5
What is the hundreds digit of 97775909?
9
What is the tens digit of 2026371609?
0
What is the hundred thousands digit of 439903943?
9
What is the hundred millions digit of 749112395?
7
What is the tens digit of 48333580?
8
What is the hundred thousands digit of 273546427?
5
What is the ten thousands digit of 355051508?
5
What is the ten millions digit of 3688604383?
8
What is the hundreds digit of 755809006?
0
What is the ten millions digit of 50945822?
5
What is the units digit of 28937571?
1
What is the units digit of 407358256?
6
What is the tens digit of 22712180?
8
What is the millions digit of 72512638?
2
What is the tens digit of 1906202822?
2
What is the ten millions digit of 215369172?
1
What is the tens digit of 271868418?
1
What is the millions digit of 249998992?
9
What is the thousands digit of 799298830?
8
What is the thousands digit of 1151397921?
7
What is the hundreds digit of 3127339?
3
What is the ten millions digit of 668178427?
6
What is the hundreds digit of 1684523362?
3
What is the hundred millions digit of 276558702?
2
What is the hundred thousands digit of 999228103?
2
What is the units digit of 323972175?
5
What is the billions digit of 4586816645?
4
What is the hundred millions digit of 168375788?
1
What is the units digit of 1350175998?
8
What is the hundred millions digit of 638538909?
6
What is the hundred millions digit of 455258454?
4
What is the hundreds digit of 102847782?
7
What is the ten millions digit of 1887316814?
8
What is the billions digit of 1288643110?
1
What is the thousands digit of 44807785?
7
What is the ten thousands digit of 1457714820?
1
What is the millions digit of 322675363?
2
What is the hundreds digit of 836893562?
5
What is the units digit of 143368650?
0
What is the hundred thousands digit of 99811984?
8
What is the ten thousands digit of 370394610?
9
What is the thousands digit of 62812624?
2
What is the tens digit of 3294680954?
5
What is the hundred thousands digit of 1023921?
0
What is the hundred thousands digit of 50952246?
9
What is the tens digit of 35434469?
6
What is the tens digit of 66341605?
0
What is the millions digit of 24223938?
4
What is the hundred millions digit of 138568463?
1
What is the hundreds digit of 295426530?
5
What is the hundreds digit of 1455180989?
9
What is the units digit of 75869138?
8
What is the hundred thousands digit of 78935489?
9
What is the tens digit of 941978639?
3
What is the ten millions digit of 7803132626?
0
What is the ten millions digit of 238685532?
3
What is the millions digit of 245062485?
5
What is the units digit of 1368683399?
9
What is the ten thousands digit of 2458144162?
4
What is the tens digit of 34673536?
3
What is the hundred thousands digit of 675295671?
2
What is the ten thousands digit of 214017333?
1
What is the units digit of 211766165?
5
What is the ten millions digit of 59832187?
5
What is the hundred thousands digit of 4442028363?
0
What is the thousands digit of 92009306?
9
What is the millions digit of 135194618?
5
What is the millions digit of 91237024?
1
What is the thousands digit of 2639623803?
3
What is the ten thousands digit of 3587331980?
3
What is the ten millions digit of 585677223?
8
What is the tens digit of 162821457?
5
What is the thousands digit of 579155984?
5
What is the ten millions digit of 115052152?
1
What is the ten thousands digit of 52231340?
3
What is the ten thousands digit of 130581744?
8
What is the tens digit of 17930993?
9
What is the ten thousands digit of 676402261?
0
What is the millions digit of 1563619401?
3
What is the ten thousands digit of 11972612?
7
What is the millions digit of 1363100129?
3
What is the tens digit of 1932814818?
1
What is the tens digit of 156959446?
4
What is the ten millions digit of 31305797?
3
What is the hundreds digit of 26023748?
7
What is the hundreds digit of 70126464?
4
What is the ten thousands digit of 20044597?
4
What is the ten millions digit of 85024695?
8
What is the hundreds digit of 4937134522?
5
What is the tens digit of 567019382?
8
What is the units digit of 16117190?
0
What is the hundred thousands digit of 63197785?
1
What is the hundred thousands digit of 3014897537?
8
What is the ten thousands digit of 261532809?
3
What is the hundred thousands digit of 466708042?
7
What is the hundreds digit of 47585320?
3
What is the hundred millions digit of 163527487?
1
What is the hundred thousands digit of 2141798881?
7
What is the hundreds digit of 2290064068?
0
What is the ten millions digit of 2240615791?
4
What is the units digit of 252468222?
2
What is the tens digit of 450417883?
8
What is the hundreds digit of 45585959?
9
What is the units digit of 961173238?
8
What is the millions digit of 2760087744?
0
What is the tens digit of 99808558?
5
What is the millions digit of 46687458?
6
What is the ten millions digit of 39314493?
3
What is the millions digit of 97356220?
7
What is the ten thousands digit of 10206072?
0
What is the millions digit of 34920914?
4
What is the ten thousands digit of 27691531?
9
What is the hundred thousands digit of 800749704?
7
What is the units digit of 27701009?
9
What is the thousands digit of 1797449794?
9
What is the ten millions digit of 521765838?
2
What is the ten millions digit of 3853550145?
5
What is the thousands digit of 119672165?
2
What is the millions digit of 114138650?
4
What is the hundreds digit of 747430687?
6
What is the hundreds digit of 92794802?
8
What is the ten millions digit of 134154992?
3
What is the hundred thousands digit of 593846043?
8
What is the hundreds digit of 2419590854?
8
What is the thousands digit of 229140506?
0
What is the tens digit of 391481874?
7
What is the ten millions digit of 639397385?
3
What is the millions digit of 1138069513?
8
What is the hundreds digit of 4633458937?
9
What is the thousands digit of 149444253?
4
What is the units digit of 91591472?
2
What is the millions digit of 5048127037?
8
What is the hundred millions digit of 1283404737?
2
What is the ten millions digit of 258626229?
5
What is the tens digit of 1955033335?
3
What is the units digit of 120625339?
9
What is the thousands digit of 41962038?
2
What is the ten millions digit of 309540632?
0
What is the tens digit of 1144858827?
2
What is the tens digit of 4583940802?
0
What is the ten millions digit of 370846776?
7
What is the units digit of 1890138781?
1
What is the thousands digit of 366988736?
8
What is the hundred thousands digit of 69288983?
2
What is the tens digit of 263712488?
8
What is the hundred thousands digit of 217968183?
9
What is the millions digit of 795594402?
5
What is the ten thousands digit of 6744936?
4
What is the millions digit of 1713433627?
3
What is the ten millions digit of 243560031?
4
What is the ten thousands digit of 47868992?
6
What is the ten thousands digit of 257698777?
9
What is the hundreds digit of 48468066?
0
What is the millions digit of 1840817764?
0
What is the hundreds digit of 103898716?
7
What is the tens digit of 33555547?
4
What is the ten thousands digit of 512404648?
0
What is the hundred thousands digit of 1381622908?
6
What is the millions digit of 137246001?
7
What is the millions digit of 107451895?
7
What is the hundreds digit of 52624077?
0
What is the ten millions digit of 35474195?
3
What is the ten thousands digit of 1589026024?
2
What is the billions digit of 4907363073?
4
What is the ten millions digit of 3427726106?
2
What is the thousands digit of 1090378870?
8
What is the millions digit of 36470266?
6
What is the billions digit of 3083532836?
3
What is the units digit of 735446428?
8
What is the ten millions digit of 4927588210?
2
What is the tens digit of 1627402609?
0
What is the units dig